- 13*m**2 + 12*m - 6. Let s(y) = y**2 - 9*y + 12. Let c be s(8). Let v = c + -18. Is p(v) a multiple of 16?
False
Suppose -5*v + 0*m = 3*m - 5839, 4*m = 12. Is 11 a factor of v?
True
Let v be 4/(-26) - 756/(-182). Let u(h) = h**3 - h**2 - 8*h - 2. Does 12 divide u(v)?
False
Let m(g) = g**3 + 9*g**2 - 13*g - 4. Let j(y) = -3*y**3 - 27*y**2 + 39*y + 12. Let s(z) = -4*j(z) - 11*m(z). Suppose -31*x - 278 = 32. Is 6 a factor of s(x)?
False
Let p be (-4)/(-34) + (-18)/153. Is (p - (-80)/(-15))/(6/(-9)) a multiple of 2?
True
Suppose -2*h + 391 = -45. Let q = h + -99. Is q a multiple of 30?
False
Suppose 4 - 4 = 2*z. Suppose z = -3*c - 6, -7*c + 12*c + 874 = 4*d. Is d a multiple of 19?
False
Let o(m) = 0*m**2 + 6 - 3*m**2 - 9 + 5*m**2 + 2*m**2 - 3*m. Let d = 3 - 6. Is o(d) a multiple of 14?
True
Suppose -64*s = -24510 - 14850. Does 15 divide s?
True
Let n(l) = 3*l**2 - 2 - 2*l - 9*l**2 + 7*l**2. Let f be n(3). Let r = 35 + f. Does 20 divide r?
False
Let w = 52 + -49. Suppose w*f + 36 = 150. Is f a multiple of 5?
False
Suppose -9*t + 38816 = 11447. Does 9 divide t?
False
Suppose -72*l + 6889 = 409. Is l a multiple of 32?
False
Suppose 2*q = 7*q - 75. Suppose 0 = n - 3*h - q, -2*n = -3*h - h - 38. Suppose -11*w + 8*w = -n. Does 3 divide w?
True
Let h be (13 + -1)*(-4)/6. Let q = h + 60. Suppose -6*d + d = 3*c - 54, 2*c - 2*d - q = 0. Is c a multiple of 12?
False
Suppose -3*c = c. Suppose c = -37*h + 35*h + 20. Is 5 a factor of h?
True
Suppose -s - 22 = 8. Let h = s - -114. Is 28 a factor of h?
True
Suppose 3*g + 4*t = -61 + 630, 0 = 3*g - 3*t - 597. Is g a multiple of 65?
True
Suppose 0*f - 70 = -2*j + 2*f, 2*j - 79 = -f. Is j a multiple of 3?
False
Let r be (-4)/((-91)/336 + (-1)/(-3)). Let i = r + 90. Is 26 a factor of i?
True
Let a(q) = q**2 - 4*q - 2. Let k be a(5). Let f = k - -41. Is f a multiple of 8?
False
Let l = 223 + 105. Suppose -4*s - l = -48. Let o = s + 110. Does 20 divide o?
True
Suppose 489 = -6*s + 7569. Is s a multiple of 20?
True
Let a be (0 + -2)*(-19)/(-19). Let i(y) = 4*y**2 - 2*y - 3. Is 17 a factor of i(a)?
True
Suppose 3*k + 5*o + 54 = 0, 7*o = -4*k + 4*o - 61. Let p(g) = -g + 9. Is p(k) even?
True
Let g = -791 - -7010. Is 17 a factor of g?
False
Suppose -5 + 21 = 4*u. Suppose 4*x = -3*w, -3*x + u*w + 31 = 2*x. Suppose -x*l - l + 100 = 0. Does 5 divide l?
True
Suppose 150 = 12*r - 17*r. Does 4 divide (-20)/(-6)*(-108)/r?
True
Let d(y) = -258*y + 3. Let z be d(-3). Suppose -1293 = -5*h - v, -2*h + z = h + v. Suppose 4*g - 4*u = 200, -5*g + u = -0*g - h. Is 27 a factor of g?
False
Let c(v) = -v**3 - 7*v**2 - 5*v + 12. Suppose -170*z + 171*z + 8 = 0. Is c(z) a multiple of 29?
True
Let l = 18 - 22. Let i be ((-8)/10)/(l/40). Suppose -105 = 3*j - i*j. Does 9 divide j?
False
Let z = -342 + 497. Is 9 a factor of z?
False
Let t = 0 + 42. Let b = -9 + t. Does 33 divide b?
True
Suppose 10 = -3*g - g + 3*s, 3*s = -4*g - 22. Let p be (-144)/(-40) + g/(-10). Suppose 2*k - 10 = -p. Is k a multiple of 2?
False
Let q(l) = -l**2 - 11*l - 5. Let z(p) = -3*p**2 - 23*p - 10. Let v(g) = 5*q(g) - 2*z(g). Let b be v(6). Let n = 7 - b. Is 15 a factor of n?
True
Let t = -251 - -539. Let v = t - 171. Is 6 a factor of v/12 - 1/(-4)?
False
Let u(o) = -o**2 - 22*o + 25. Let q be u(-23). Does 3 divide 5/(-10)*q*4/(-1)?
False
Is 6 a factor of (-1680)/(-40) - (-10)/2?
False
Suppose 0 = -2*h + 3 + 7. Let v = -73 - -154. Let g = h + v. Does 19 divide g?
False
Let g(h) = 74*h - 8. Let k be g(2). Suppose 7*u = 2*u + k. Is 14 a factor of u?
True
Let q = -127 + 15. Let n = -35 - q. Does 7 divide n?
True
Let j = 124 - -136. Let v = -184 + j. Let d = 109 - v. Is 10 a factor of d?
False
Suppose 0*j = -5*x + 3*j + 19, 4*x = 3*j + 14. Let t be 2/10*(29 - 4). Suppose -p - x*b = -29, -t*p = b - 23 - 26. Does 2 divide p?
False
Let m(l) be the first derivative of -l**6/12 + l**5/20 + l**4/24 - l**3/6 - l**2 + 9. Let j(y) be the second derivative of m(y). Is 28 a factor of j(-2)?
False
Suppose 0*h - 15 = 3*h, -3*h = 4*i - 269. Does 13 divide i?
False
Let u(n) = 12*n**3 + n**2 - 2*n + 1. Suppose 1 = 3*c - o, c - 4*o - o + 9 = 0. Let k be u(c). Let t = k - 2. Does 10 divide t?
True
Let w(c) = c**3 - 10*c**2 - c + 10. Let b be w(10). Suppose b*r + 4*r + 458 = 3*o, -2*o + 306 = -2*r. Is o a multiple of 14?
True
Suppose 8*a + 182 = 710. Is a a multiple of 13?
False
Suppose 15*x + 10 = 13*x. Let h(i) = i**3 + 10*i**2 + 2*i + 5. Does 16 divide h(x)?
False
Let m(p) be the first derivative of -1/2*p**2 + 1/3*p**3 - 4 + 5*p. Is m(-6) a multiple of 16?
False
Let u be 10/(-75) - 34/(-30). Let a be u/5 - (-99)/55. Suppose -4*g + 5*g + 56 = a*p, -3*g = -3*p + 78. Is 8 a factor of p?
False
Let h(o) = 10*o - 4. Let p be h(-3). Let s(x) = -x**2 + 4*x + 8. Let f be s(8). Let t = f - p. Is t a multiple of 5?
True
Let x = 26 - 13. Is 12 a factor of x - -6 - 3*-1?
False
Suppose 2*c = 2*i - 8, -2*c - 3 = c. Suppose 2*v - 3*v - 5*a = -7, a = -v + i. Suppose -10*s = -v*s - 200. Does 7 divide s?
False
Let m(g) = -4*g + 1. Let h be m(-1). Suppose 5*t + h*z - 76 = -16, -2 = 2*z. Does 10 divide t?
False
Suppose 0 = -20*x + 1279 + 3921. Is x a multiple of 13?
True
Let v be (9/(-6))/(-3*(-2)/(-8)). Suppose 195 = r - 0*u + v*u, -3*u = -4*r + 802. Is r a multiple of 28?
False
Let b(x) = 3*x - 3. Let w be b(1). Suppose w = 4*v - 79 - 29. Is v a multiple of 9?
True
Let q(f) = f**2 + 16*f + 21. Let t be q(-12). Does 29 divide t/(-216) + 927/8?
True
Suppose -2 = 2*f - 0*f - 2*o, 4*o = -5*f - 32. Is (-78)/f*(-8)/(-6) a multiple of 13?
True
Suppose -2*l = -2*n - 3172, 2*l - n + 3*n - 3192 = 0. Does 29 divide l?
False
Let b = 0 + -9. Is 5 a factor of -2 + 55 + (-18)/b?
True
Let q = -3148 + 5651. Does 16 divide q?
False
Let f(q) = -2*q - 5. Let u be f(-13). Let b = u + -21. Suppose -4*c - 4*o = -68, b = -o + 5 - 2. Is 14 a factor of c?
True
Suppose -2*s - 5*g = -829, -5*s + 2*g = -3*g - 2020. Is 19 a factor of s?
False
Suppose -3*a + 118 = -299. Does 9 divide a?
False
Let y(z) = 17*z**2 - z - 2. Let f be y(-1). Suppose -106 - 58 = -3*i - 2*n, f = 4*n. Does 13 divide i?
True
Suppose 9566 = -13*p + 33408. Is 56 a factor of p?
False
Suppose -4*a + 2*p + 1794 = 0, 6*a + 0*p - 2697 = p. Does 20 divide a?
False
Let z be 2/(-8) - 545/(-20). Let b = -19 - -36. Suppose -z = -2*i + b. Is 17 a factor of i?
False
Suppose -4*l - 9 = -3*y + 17, 2*l + 10 = y. Let b be y*2/(-4) - -28. Suppose i + 5 = 2*v, -2*v + i = -6*v + b. Is v even?
False
Let v(k) be the second derivative of k**7/2520 - k**6/180 + k**5/24 - 5*k**4/12 + 2*k. Let f(x) be the third derivative of v(x). Is f(5) a multiple of 5?
True
Let x(c) = -10*c - 1. Let y be x(-5). Let z = 97 + y. Is 9 a factor of z?
False
Let q(g) = -g - g + 3*g. Let k be q(-11). Let d = 63 + k. Is d a multiple of 26?
True
Let f(o) = 631*o**2 + 633*o**2 - 1263*o**2 - o + 29*o**3. Let k(l) = -l**2 - 4*l - 3. Let h be k(-2). Is 6 a factor of f(h)?
False
Let i(q) = q**2 + 8*q + 14. Let g be i(-11). Let h = 98 + g. Suppose 2*d = v + h, -7*v = -5*d - 2*v + 350. Is d a multiple of 17?
False
Let z(y) be the first derivative of -y**3/3 + y**2 + 6*y + 5. Let a be z(3). Suppose -4*r + 232 = -0*r + a*l, 0 = r - 2*l - 47. Is 11 a factor of r?
True
Let d(n) = -3*n - 7. Let r be d(-1). Let k(j) = j**3 + 2*j**2 - 12*j - 10. Is k(r) a multiple of 6?
True
Let g = 3604 + -1976. Does 11 divide g?
True
Suppose 5*i - i - 12 = 0. Suppose 3*c = 5*q - 365, 0*q - i*q - 2*c = -200. Does 35 divide q?
True
Let g(b) be the second derivative of b**4/12 - 11*b**3/6 + 7*b**2 + 8*b. Let r be g(10). Suppose 0*x + x = 5*v - 362, -r = 2*x. Is 19 a factor of v?
False
Suppose 5*p = 1060 - 80. Suppose 2*j + p = 2*r, r - 131 = 5*j - 25. Is 12 a factor of r?
True
Suppose 23253 - 4173 = 30*v. Is 114 a factor of v?
False
Let a be 2*(3 - -3)*4. Does 15 divide a + 5 - 6/3?
False
Let o(x) = x**3 - 37*x**2 + 71*x + 22. Is o(35) a multiple of 8?
False
Is 6 a factor of -3*(-2)/(-18)*(0 - 156)?
False
Let i = -61 + 173. Suppose 4*r = 5*p + 142, 2*r - p = -r + i. Is 19 a factor of r?
True
Suppose -8 = 4*v, 5*h + 8*v = 11*v + 3341. Is h a multiple of 29?
True
Suppose 4*s - r - 2944 = 3*r, -5*r + 1500 = 2*s. Suppose -2*g + s = 2*g. Is g a multiple of 49?
False
Suppose 20*c + 13246 - 92286 = 0. Does 15 divide c?
False
Suppose 101 = 4*n + 33